8676?
6
What is the ten thousands digit of 21700419?
0
What is the ten thousands digit of 40346137?
4
What is the hundred millions digit of 1111380741?
1
What is the tens digit of 396537914?
1
What is the ten thousands digit of 31455616?
5
What is the tens digit of 274009680?
8
What is the ten millions digit of 300430204?
0
What is the units digit of 48609762?
2
What is the thousands digit of 80660192?
0
What is the tens digit of 6662986?
8
What is the thousands digit of 2541120595?
0
What is the millions digit of 3687817837?
7
What is the ten millions digit of 665534500?
6
What is the ten millions digit of 97178868?
9
What is the ten thousands digit of 91511785?
1
What is the ten thousands digit of 3251087699?
8
What is the ten thousands digit of 1233696606?
9
What is the tens digit of 28228192?
9
What is the ten thousands digit of 3735784112?
8
What is the thousands digit of 237064169?
4
What is the ten millions digit of 35914405?
3
What is the ten thousands digit of 553861563?
6
What is the ten millions digit of 5058337649?
5
What is the thousands digit of 1203778732?
8
What is the ten thousands digit of 44819156?
1
What is the ten thousands digit of 762909396?
0
What is the tens digit of 66901425?
2
What is the millions digit of 45402871?
5
What is the hundred thousands digit of 1722403895?
4
What is the units digit of 1106691?
1
What is the hundreds digit of 43281452?
4
What is the hundreds digit of 92516692?
6
What is the units digit of 743879163?
3
What is the thousands digit of 140204304?
4
What is the hundred millions digit of 1034149333?
0
What is the tens digit of 91838248?
4
What is the millions digit of 785757071?
5
What is the millions digit of 111428083?
1
What is the hundred thousands digit of 84635917?
6
What is the tens digit of 778677557?
5
What is the millions digit of 255503956?
5
What is the hundreds digit of 509009551?
5
What is the ten millions digit of 22753471?
2
What is the tens digit of 1409175509?
0
What is the units digit of 1405100204?
4
What is the hundreds digit of 3399651995?
9
What is the units digit of 1258959766?
6
What is the hundred millions digit of 640421787?
6
What is the tens digit of 3236088198?
9
What is the millions digit of 6449590911?
9
What is the units digit of 798246638?
8
What is the hundred millions digit of 225824226?
2
What is the thousands digit of 48151441?
1
What is the tens digit of 7475933001?
0
What is the ten millions digit of 54730483?
5
What is the hundred millions digit of 109566618?
1
What is the units digit of 72173576?
6
What is the ten thousands digit of 31381989?
8
What is the units digit of 33684617?
7
What is the hundred thousands digit of 264688979?
6
What is the tens digit of 3985964119?
1
What is the thousands digit of 175124882?
4
What is the ten thousands digit of 3835414552?
1
What is the hundreds digit of 52965649?
6
What is the tens digit of 464221129?
2
What is the hundred thousands digit of 581684572?
6
What is the ten thousands digit of 658518162?
1
What is the hundred thousands digit of 62821153?
8
What is the thousands digit of 254256664?
6
What is the hundreds digit of 244409751?
7
What is the billions digit of 3801001831?
3
What is the tens digit of 42655489?
8
What is the hundred thousands digit of 698933789?
9
What is the thousands digit of 7825223832?
3
What is the tens digit of 87952623?
2
What is the ten millions digit of 61522570?
6
What is the ten thousands digit of 37779499?
7
What is the ten thousands digit of 140929048?
2
What is the thousands digit of 1480923?
0
What is the ten millions digit of 404084317?
0
What is the thousands digit of 405468045?
8
What is the thousands digit of 688345189?
5
What is the hundred thousands digit of 20499554?
4
What is the ten thousands digit of 46876874?
7
What is the ten millions digit of 41174327?
4
What is the billions digit of 2298460812?
2
What is the hundred millions digit of 147785203?
1
What is the units digit of 151585581?
1
What is the tens digit of 42181995?
9
What is the tens digit of 183207223?
2
What is the tens digit of 30123649?
4
What is the hundred thousands digit of 2753577?
7
What is the thousands digit of 183249739?
9
What is the millions digit of 152431983?
2
What is the millions digit of 64334561?
4
What is the ten millions digit of 399972517?
9
What is the hundred millions digit of 1497542828?
4
What is the units digit of 31858428?
8
What is the hundreds digit of 103879502?
5
What is the tens digit of 822494041?
4
What is the tens digit of 147180179?
7
What is the thousands digit of 439407269?
7
What is the units digit of 278423887?
7
What is the units digit of 486115270?
0
What is the ten thousands digit of 1993440047?
4
What is the hundred thousands digit of 6386874717?
8
What is the tens digit of 3912358?
5
What is the millions digit of 142178920?
2
What is the millions digit of 187661254?
7
What is the hundreds digit of 2241368198?
1
What is the ten millions digit of 84414524?
8
What is the ten thousands digit of 170220238?
2
What is the ten thousands digit of 6119572277?
7
What is the units digit of 1910371416?
6
What is the thousands digit of 860566583?
6
What is the hundred thousands digit of 268649693?
6
What is the thousands digit of 1354365643?
5
What is the millions digit of 128240830?
8
What is the ten thousands digit of 1311602767?
0
What is the thousands digit of 641303423?
3
What is the units digit of 711069112?
2
What is the ten thousands digit of 241325128?
2
What is the hundreds digit of 343700451?
4
What is the units digit of 2242153871?
1
What is the millions digit of 2645351721?
5
What is the millions digit of 42196289?
2
What is the millions digit of 2603923170?
3
What is the ten millions digit of 47134428?
4
What is the ten thousands digit of 181259412?
5
What is the hundred millions digit of 6120053909?
1
What is the billions digit of 7142637860?
7
What is the thousands digit of 1324577962?
7
What is the ten thousands digit of 2082983064?
8
What is the units digit of 707381718?
8
What is the hundred thousands digit of 2374045734?
0
What is the billions digit of 1271357096?
1
What is the units digit of 4711997895?
5
What is the tens digit of 17765801?
0
What is the units digit of 415542468?
8
What is the ten thousands digit of 991937051?
3
What is the hundreds digit of 712227385?
3
What is the thousands digit of 79012716?
2
What is the ten thousands digit of 38694732?
9
What is the tens digit of 2603832940?
4
What is the tens digit of 23647047?
4
What is the ten millions digit of 3020877456?
2
What is the units digit of 11340469?
9
What is the tens digit of 10800819?
1
What is the ten millions digit of 675072209?
7
What is the tens digit of 46774580?
8
What is the tens digit of 6412433069?
6
What is the thousands digit of 421791514?
1
What is the millions digit of 5624606696?
4
What is the thousands digit of 86073422?
3
What is the tens digit of 188709151?
5
What is the ten thousands digit of 78412668?
1
What is the ten thousands digit of 74350257?
5
What is the thousands digit of 62543529?
3
What is the tens digit of 310472560?
6
What is the ten millions digit of 110892619?
1
What is the millions digit of 6108881399?
8
What is the ten thousands digit of 388370668?
7
What is the hundred millions digit of 774723762?
7
What is the millions digit of 91855966?
1
What is the units digit of 101821470?
0
What is the ten millions digit of 19382567?
1
What is the hundreds digit of 34255024?
0
What is the thousands digit of 162426573?
6
What is the ten thousands digit of 4110081?
1
What is the ten millions digit of 214358660?
1
What is the millions digit of 282627671?
2
What is the millions digit of 22353671?
2
What is the ten millions digit of 47829606?
4
What is the ten thousands digit of 985001774?
0
What is the millions digit of 4269848?
4
What is the hundred thousands digit of 140052875?
0
What is the hundreds digit of 5663015?
0
What is the millions digit of 1597578901?
7
What is the units digit of 5649372498?
8
What is the ten millions digit of 594801307?
9
What is the hundred thousands digit of 1111203019?
2
What is the ten millions digit of 3825953319?
2
What is the thousands digit of 70576690?
6
What is the hundred millions digit of 327482205?
3
What is the ten 